35
What is 0 - 0 - (16 + -15 + -18 - -31)?
-14
What is (68 - (-3 + 5 - 22)) + -20?
68
Calculate -2 + 1 + 2 + 6 + (-7 - 24 - -17).
-7
What is 6 + (-1 - 14) + -17 + 65 + (9 - -6)?
54
Calculate (51 - -20 - 88) + 0 + -55 - -11.
-61
Evaluate 45 + -83 - -63 - (2 - 13).
36
Calculate -2 + 5 - (-331 + 319).
15
37 + -3 + 16 + (-21 - 1) - 8
20
What is -38 - (111 - (60 - 5))?
-94
What is the value of (-22 - -9) + (-2 + 14 + 0 - -21)?
20
Calculate -4 + 0 + (-4 - -11) + (-166 - -158) + 8.
3
Calculate 21 - (47 + -22) - (7 - 34).
23
Evaluate -125 + 106 - (2 + -7 + 1).
-15
Evaluate 1 - (0 + -1 + 68) - (2659 + -2658).
-67
What is 43 + (23 - 17 - 27 - 2)?
20
What is the value of 1 + 32 - (29 + -25 + (15 + -9 - 13))?
36
What is the value of (58 - 61) + (-18 + 10 - -10) + -9?
-10
Calculate 10 + (-45 + 2 - 3) + (41 - 55).
-50
Calculate 66 + (-43 + 40 + 29 - -10).
102
What is -7 + 5 + -11 - (-47 - (-5 - -11 - 16))?
24
Calculate -78 - (134 - 213) - (1 + -19 + 2).
17
(-57 - (-1 - -8)) + (52 - 40)
-52
-21 + 1 + -16 - -71
35
What is 7 - (-63 + 74 + 13 + -4)?
-13
Evaluate -58 + -4 - (-1 + 0 + (-13 + -4 - -11)).
-55
What is the value of 19 - (0 + -34) - 148?
-95
What is the value of (-7 - (-4 + -11 + 12)) + 49 + 10?
55
(1 - -8 - 8) + 5 + (1 - (-2 - -53))
-44
Calculate 1 + -7 + 0 + 0 + 31538 + -31538 - 0.
-6
Evaluate 65 + -4 + -66 + 89.
84
What is the value of (48 + 35 - 5) + 0?
78
What is the value of 49 + -41 - (7 + 7 + 41) - 5?
-52
(-35 - -14 - (-9 - 1)) + 2 + 1
-8
What is 16 + -74 + (17 - 15)?
-56
Calculate (6 - 8 - 51) + (19 - 10) + 3.
-41
Calculate 1 - 74 - ((-7 + 19 + -15 - 9) + 13).
-74
Calculate 67 - 2 - (-679 + 711).
33
Calculate (-23 - (2 + -8 + 4)) + -15.
-36
What is the value of -24 - -1 - (24 - (-57 + 145))?
41
Evaluate (3 - 3 - (8 + -34)) + -5 + 15 + -14.
22
11 + -39 - -21 - -25
18
21 - 108 - -149 - (-1 + 6)
57
-4 - 3 - ((-90 - (-106 - -49)) + 1 + -17)
42
Evaluate -7 + (1 - -8) + 90 + -43 + 1.
50
Calculate 3 + -69 + (71 - 47) + -19.
-61
What is the value of 7 + (10 + 4 + 9 - 12 - -14)?
32
Evaluate (-3 + 3 - 0 - 10) + 4 + -11.
-17
What is the value of -12 - (-34 + 15 + 20) - (5 + -1 + 18)?
-35
Calculate -266 + 257 - (2 + 0).
-11
168 + 57 + -250 + -92
-117
What is the value of -27 - (-28 - (-26 + (54 - 1)))?
28
Calculate (34 - (25 - 16)) + -33 + -11 + 1.
-18
What is the value of -7 + 0 - (-14 + 1 + 56 + -31 + -10)?
-9
0 - (9 + 40 + -11)
-38
(453 - 429) + (84 - (1 + 5))
102
Calculate -70 - -4 - (31 + 29 + -53) - (0 - -1).
-74
What is (0 - -3) + -5 + 1 + 468 + -452?
15
What is -86 + 164 - (25 + 20)?
33
What is 7 - (-10 + 14 + -11 + (3 - -13))?
-2
Calculate 133 - (-13 + -9 + 111).
44
28 - 25 - 22 - 23
-42
(17 - (-43 - -31 - -11)) + (-72 - 0)
-54
Evaluate 3 + 13 - (12 - (3 + -6 - (5 + -17))).
13
Evaluate -6 - ((59 - 45) + (-1 - -1) + -2) - 1.
-19
-21 + 61 + 6 + -21 + 17
42
Evaluate -18 - ((3 - 11) + (-13 - -5) + 6) - -100.
92
Calculate 112 - (-89 - (-133 - -5)).
73
Calculate -687 + 679 + (-57 - (-4 + 2)) + 2.
-61
Evaluate (713 - 803) + (98 - 6).
2
What is the value of (-1 + 2 - 61) + (-27 + 1 - -42)?
-44
What is -1 - (4 + 0) - 2 - (452 + -432)?
-27
What is the value of -1197 + 1292 - (1 + 51)?
43
Evaluate (-11 + 24 - -14) + (9 - 8).
28
Calculate 6 + -16 + (-100 - -111) + -1 + 1 + -65.
-64
What is (-17 - -5) + 5 - (22 - 7 - -14)?
-36
What is 2 + -1 + -9 + (1058 - 1076)?
-26
What is the value of -13 - ((50 - (17 - -3 - 11)) + -12)?
-42
-7 - (43 + -26 + 26)
-50
-2 + 4 + 9 + (-385 - -375) - -52 - 0
53
Calculate 9 - 23 - ((8 - 0) + 40 + -28).
-34
(-15 - -13 - 35) + 26
-11
What is 96 - ((-40 - -89) + 95)?
-48
-3 + 2 - 11 - ((-1706 - -1610) + 0 + 34)
50
What is the value of 23 - -1 - (-263 + 131 - -99)?
57
9 + (9 - 6) - (244 - 280)
48
1 + -26 - ((2 - -16) + -145 + 127) - -5
-20
What is the value of -16 + -4 - (92 + -118 + -11)?
17
Calculate (-165 - -38) + 30 - -28.
-69
-24 + -23 + (-22 - -63) + 23 + 1
18
What is the value of 9 + (11 - ((-14 - -9) + -5 - -79)) + 14?
-35
-7 - -63 - (70 + 18)
-32
Calculate 101 + (-69 - 79) - -66.
19
What is the value of 2 + (-2 - -17 - (374 - 362)) + 108?
113
Evaluate 14 + (-10 - (1 - 0)) + (-3827 - -3843).
19
15 + 14 + 25 + -28 + -12
14
What is the value of 34 - -31 - ((-1 - -53) + -23)?
36
(-4 - ((-2 - -6) + -5)) + (-83 + 22 - -128)
64
Calculate 22 + (17 - (21 - (19 - 18))).
19
Calculate 131 - (-21 - (32 - (-28 + 107))).
105
What is -68 + -1 + (38 - 52 - -39)?
-44
What is -12 + (-21 + 17 - (2 - -26))?
-44
What is the value of 2 - (-29 - (3 + (27 - 30)))?
31
What is the value of (-17 - -31) + (2 - 4) + -4 - (93 - 156)?
71
Evaluate 73 + -1 - (81 - 23 - 44).
58
(97 - -8 - 28) + 0 + 12
89
What is the value of -11 - (-25 - -21 - 20) - -20?
33
What is the value of -42 + (-13 - -79) - (0 - 7)?
31
10 - ((25 - -15) + 10 + (-3 - -1))
-38
-135 + 116 - (-8 + -14 + 5)
-2
What is the value of -2 + (436 + -443 - ((-1 - 43) + -2)) - -9?
46
What is (15 - 12) + -3 + -4 + 7 + 13?
16
What is 15 + 9 + 1 + 32 + -13 + 6?
50
33 + (-43 - -27) - (0 - -59)
-42
-56 + 116 + (0 - 24)
36
Calculate (1 - 4) + -196 + 279 + 19.
99
What is 17 + -1 + 0 - (-157 - -148)?
25
What is 111 + -141 - (-43 + 114)?
-101
Calculate -14 - 29 - (-33 + 10).
-20
-9 + 3 + 12 + -27 + (-2 - (4 + -23))
-4
What is (-1 - 74) + 100 + (-51 - 22)?
-48
21 + (-40 + 26 - -7)
14
What is 4 + (-85 + 101 - (-2 + 1 + -1 + -1))?
23
What is the value of -2 - 1 - -46 - ((1 + 22 - 53) + 22)?
51
What is the value of -49 + -5 - -64 - (3 + -11 - (-2 + 3))?
19
Evaluate (9 - (-36 + -25)) + -34 + (10 - 0).
46
11 + -32 + (0 - (5 + (8 - 11)))
-23
116 + (-101 - (73 + -104))
46
Calculate (3 - (-21 - -4)) + (-23 - -36) + -11.
22
2 + -1 + -23 - (47 + -41 + -2)
-26
Calculate 2 + 35 + 402 + -435 + -3 + 1.
2
Evaluate -1 + -13 + (-164 - -1 - (-80 + 7 + 41)).
-145
Evaluate 20 + -33 + (11 - (-8 - -8)) - 18.
-20
7 - (25 - (-68 + 39))
-47
Evaluate (23 - ((65 - 38) + -35 + 20 + -1)) + -5.
7
6 + (16 - 35) - (30 + 5 + (1 - -4))
-53
(-169 - -31) + 137 + (39 - (-3 + 4))
37
0 + 6 + (53 - (-10 + (-15 - -38)))
46
What is -42 - (-4 + 11 + (-9 - -2)) - (26 - 17)?
-51
10 + -10 + 7 + -7 - (-52 - -70)
-18
Evaluate (52 - -4) + -117 + 130 - -27.
96
Evaluate -3 + (-5 - 1) + 13 + (-8 - (8 - -3)).
-15
Evaluate -1 + 15 - (402 - 403) - 61 - -3.
-43
What is -15 + -5 + (52 - (28 - -64))?
-60
Evaluate -19 + -1 + (-11 + -2 - 17).
-50
What is -10 + (1 - -3 - (-53 + 12) - 11)?
24
Evaluate (-28 - -3) + 5 + (-85 - -84).
-21
Evaluate (-48 - (-7 + 18)) + (2 - -16).
-41
What is 4267 + -4276 - (0 + 0 + 37)?
-46
Calculate (-1 - -61) + (0 + -18 - 0 - (-1448 - -1436)).
54
What is the value of -174 + 166 + (0 + 102 - 4 - 4) + -3?
83
Calculate (-7 + 45 - (0 - -10)) + -74.
-46
What is (-3 - -39) + (-2209 - -2218)?
45
Evaluate (0 - (3 + (-12 - -6))) + -70 + 81 + 35.
49
Calculate -4 - 47 - (-953 + 885).
17
(-13 + -3 - -6 - -7) + (-11 + 5 - 29)
-38
Evaluate -2 + 27 + -1 - (10 + 2).
12
Evaluate -8 - (50 + -41 - 18).
1
Evaluate (-121 - -170) + (2 - -7 - 11) + 1 + -7.
41
3038 + -3064 - (3 - 3 - (1 - 0))
-25
Calculate 6 - (-80 - -4 - (8 - (-10 + 29) - -7)).
78
Evaluate (51 - -36) + -15 + -51.
21
What is the value of -8 - (-5 + 20 - (-6 + -7 + 53))?
17
Evaluate (-49 + 5 - (10 + (41 - 50))) + (-1 - -2).
-44
What is (183 - (15 + 179)) + -3 + -1?
-15
Evaluate -118 + (30 - -30) + -30 + 1.
-87
58 + -34 - 50 - -59
33
-48 + 8 - (-1235 - -1203)
-8
Evaluate (-20 - (-7 - -4)) + 8 + -1 + -2.
-12
Evaluate (0 + 0 - -1) + -1 + (73 - (62 - -34)).
-23
Evaluate (39 - 237) + 74 + 64.
-60
What is -1 + 4 + (13 - 18 - -19 - 1)?
16
What is 7 - 40 - -36 - (1 - -2)?
0
(2 + -2 - -2) + -24 + -3 + 19 + 8
2
Calculate (119 + 74 + -162 - (0 - -26)) + (-46 - -2).
-39
What is the value of (2 - -9) + -101 + -43 + (21 - -13)?
-99
What is the value of (-2 - 17 - -1) + (40 - (48 + -6))?
-20
What is the value of 45 + -78 + 43 + 12 + -2 + 2?
22
Evaluate 0 + 4 - (630 + -647).
21
Evaluate 12 + 29 - 2 - (147 + -125).
17
Calculate 9 - (25 + -22 - 9 - 20).
35
Evaluate 1579 + -1692 + (68 - 1).
-46
Calculate (4 - -2) + (0 - ((3 - -5) + -1)).
-1
Calculate -349 + 349 + (44 - (-5 - -11)).
38
What is (-13 + (-12 - (3 - 19)) - 35) + -10?
-54
Evaluate 20 - (-12 + 27 - 5 - (-14 - -27)).
23
What is the value of (-51 + 3 - (-2 + 5)) + -109 + (-93 - -213)?
-40
Calculate 11 + -7 - (-5 + 13 + 47).
-51
5 + -14 - 87 - (75 - 90)
